+ -3 + (2321 - 0/(-6)). Suppose -2*d = -h + 402. What is the hundreds digit of d?
9
Suppose -3*g + 104 = -w, -g - 5*w + 56 = -0*w. Suppose 35*l = g*l - 437. Let k = -253 + l. What is the hundreds digit of k?
1
Let q(h) = -10*h + 122. Let k be q(12). Suppose 2*z - 3*x = 1176, -k*z - 3*x + 1204 = x. What is the tens digit of z?
9
Suppose 0 = 101*i - 34*i - 52*i - 515190. What is the hundreds digit of i?
3
Let x be (-1 - 2)*8/3. Let b be (-18)/3 - x - 17*-32. Suppose 5*n - 596 = -w + 296, -b = -3*n + 3*w. What is the hundreds digit of n?
1
Suppose 5*q = -6*t + 54517, -6*q + 27251 = 3*t - 5*q. What is the thousands digit of t?
9
Suppose 20*x + 4223 + 3797 = 0. Let t = x - -573. What is the hundreds digit of t?
1
Let p(g) = 4*g**3 - 14*g**2 - 26*g - 138. What is the hundreds digit of p(11)?
2
Let q(o) = 42*o**2 - 4*o - 39. What is the units digit of q(15)?
1
Suppose -9*j - 5*l = -3*j - 145291, -3*j + 72642 = 3*l. What is the ten thousands digit of j?
2
Let d = 164 - -321. What is the units digit of d + (-11)/(55/10)?
3
Let z = 17 + -13. Suppose -3*q - 142 = -z*q. What is the tens digit of 10/(-5) + -1 + q?
3
What is the units digit of 65374/12 - ((-4)/(-22) + 529/(-1518))?
8
Suppose 5*d = 4*z + 78584 + 62531, -56446 = -2*d - 2*z. What is the ten thousands digit of d?
2
Suppose w - 13 = 3*j, 2*j + 3*w = w - 22. What is the tens digit of 143560/80 - j/4?
9
Let t = 121 - 157. Let v be (-18)/t*(-1 - -1). Suppose -s + 0*o + o + 92 = 0, -4*s - 4*o + 344 = v. What is the units digit of s?
9
Suppose -5*t = -3*m - 28776, 200*m = -3*t + 202*m + 17265. What is the units digit of t?
7
Suppose -4*n = -4*o + 2920, -401 + 1865 = 2*o + 2*n. Suppose 6*g = -t + 3*g + o, 0 = 5*t + 3*g - 3667. What is the tens digit of t?
3
Suppose 476 + 910 = -2*h. Let c = -347 - h. What is the units digit of c?
6
What is the hundreds digit of 33632/(-112)*(5 - 609/14)?
5
Let k(g) be the third derivative of g**6/60 - 9*g**5/20 - 11*g**4/24 + 4*g**3/3 + g**2 - 55*g. What is the units digit of k(14)?
0
Suppose 4*x + a - 48458 = 0, 0 = -9*x + 17*x + a - 96910. What is the units digit of x?
3
Let p(z) = -11 + 68 - 9*z - 3*z + 52 - 6. What is the units digit of p(-21)?
5
Suppose 17*x - 154 = 3348. Let k = -119 + x. What is the tens digit of k?
8
Let n(u) be the third derivative of u**5/15 - 7*u**4/24 + 2*u**3 - 187*u**2. What is the units digit of n(8)?
2
Let s = -26463 + 42919. Suppose -24*q - 10*q = -s. What is the tens digit of q?
8
Let w = -8 - -13. Suppose -1 + 8 = w*f + 4*n, -3*f + 4*n = 15. What is the units digit of 42*f*2/(-4)?
1
Let x = -83 + 74. Let p be ((-2855)/x - 0) + 4/(-18). Let d = -76 + p. What is the tens digit of d?
4
Suppose -14*s + 19*s = 0. Suppose 3*n + 5*o - 1174 = -247, s = -4*n - 3*o + 1225. What is the tens digit of n?
0
Suppose -3*s - 19 = 23. What is the units digit of 35*((-80)/s)/4 - -1?
1
Suppose -2*r = 5*y - 92, -160 = -2*r - r - 2*y. Suppose 114 - 12 = -2*w - 4*b, -r = w + b. Let a = w + 101. What is the units digit of a?
0
Suppose -3*j + 14 = 5*s - 13, 0 = -5*j + 20. Suppose 0 = s*n + g - 441, 5*g = n + 2*g - 157. What is the units digit of n?
8
Let h(f) = 4*f + 16. Let x be h(-10). Let r = x - -24. What is the tens digit of -17 + 14 + (r - -120)?
1
Let v = -498 - -291. Let x be 4/8 - v/6. Let c = x - 4. What is the tens digit of c?
3
Let i be 63/7*3/1. Let m = i - 25. What is the tens digit of m - (4 - 1) - (-69 - -2)?
6
Suppose -158 = 3*s + 64. Let p = s - -74. Suppose -2*l + 292 - 104 = p. What is the units digit of l?
4
Let c(w) = -7*w**2 + 922*w - 104. What is the units digit of c(129)?
7
Let s(z) = -z**3 + 8*z**2 + 11*z - 63. Let f(q) = 65*q - 319. Let k be f(5). What is the tens digit of s(k)?
7
Let c(a) = a**2 - 27*a + 403. What is the thousands digit of c(-28)?
1
What is the units digit of 28/84 - (-146076)/9?
1
Suppose 1375 = 5*l - o, 0 = -2*l + 2*o - 18 + 576. Suppose l = v + v. What is the hundreds digit of v?
1
Suppose 3*a + 3*k = 1460 - 5, 2*a = -4*k + 972. Let g = -202 + a. What is the units digit of g?
2
Suppose 383*u + 198294 = 293*u + 1997484. What is the tens digit of u?
9
Suppose 76 = 2*k - 34. Let t = 104 + -154. Let w = k - t. What is the tens digit of w?
0
Suppose 3*y = -3*k + 930, -k = -2*y + 222 + 389. Suppose 2*t = -2*b + 302, -2*b - t = 2*t - y. Let q = -102 + b. What is the units digit of q?
4
Let r = -312 - -1324. Suppose 6*f - r - 320 = 0. What is the tens digit of f?
2
Let r(z) = -3389*z - 668. What is the hundreds digit of r(-15)?
1
Suppose 3*z + 14 = 2*q, 0 = -0*z + 2*z + 8. Suppose 0 = -2*w + 5*x + q, -w + 3*x - 1 = x. What is the hundreds digit of (-2008)/(-14) + 3/w?
1
Let x(k) = -k**3 - 3*k**2 - 5*k. Suppose 84 = 2*i + 88. Let d be x(i). Suppose 1836 = d*h + 6*h. What is the hundreds digit of h?
1
What is the tens digit of 16/(224/749014) - -10?
1
Suppose 2*q - 5*o - 270 = 0, -4*o - 169 = -2*q + 97. What is the tens digit of 5 - (-1060)/25*q/10?
3
Let l = -40709 + 65981. What is the thousands digit of l?
5
Let i = 420 - 399. Suppose -6*z - 228 = -4*z. What is the hundreds digit of (224/i)/4*z/(-2)?
1
What is the units digit of 1631*(-7 + 576/56)?
9
Let c be 22320/(-140) + (-3)/(-7). Let p = c - -765. What is the hundreds digit of p?
6
Suppose -12880 = 6*z - 44860. What is the units digit of z?
0
Let b(p) = -p**2 + 10*p - 22. Let m be b(6). Let v be -2 - (-8)/m*2. What is the hundreds digit of (v/(0 - -2))/((-84)/(-3640))?
1
Let b = 21 - 18. Suppose 4*r - 3940 = 4*x, 0 = b*x - 7*x - 8. What is the tens digit of r?
8
Suppose -82*f = -92*f + 1280. What is the hundreds digit of f/8*2/(-6)*-27?
1
Let y(p) = 15*p**2 + 2*p. Let h be y(-3). Let c(v) = v**3 + 7*v**2 + 35*v - 118. Let q be c(4). Let a = q - h. What is the units digit of a?
9
Let y = 1905 + 6031. What is the tens digit of y?
3
Let c(q) = 10 + 0 + 3*q + 1 - 16. Let b be c(4). Suppose -756 = b*s - 21*s. What is the tens digit of s?
5
Suppose -2*f = -0*f + 26. Let w(x) = 3*x**2 + 19*x - 30. What is the units digit of w(f)?
0
Let j(i) = i**2 - 23*i + 93. Let d be j(18). Suppose 0*n - 335 = -d*k + 4*n, 4*k - 438 = n. What is the units digit of k?
9
Let i(z) = 4219*z - 1253. What is the units digit of i(5)?
2
Suppose 0 = 2*j - 6*j. Suppose 2*w + 748 = -j*w. Let l = -260 - w. What is the tens digit of l?
1
Suppose 2728962 - 597577 = 41*v. What is the tens digit of v?
8
Let w = -453 - -970. Let p = 121 + w. What is the units digit of p?
8
Suppose 4*o = 3*t + 9*o - 1349, -t + 449 = 2*o. Suppose -t - 348 = -3*q. Let f = 405 - q. What is the units digit of f?
8
Let r(w) = 4*w**2 + 43*w - 7. Let f be (-3)/((-7)/168*9). What is the tens digit of r(f)?
9
Let c = -153 + 155. Suppose 0*x = -4*g + x + 1084, 5*g = c*x + 1355. What is the hundreds digit of g?
2
Let f(l) = 31*l + 6 - 4 + 2. Let g be ((-24)/216)/((-2)/(-6))*-21. What is the units digit of f(g)?
1
Let l(t) = -28 + 107 + 7*t + 10*t + t. What is the hundreds digit of l(17)?
3
Let j = 23 + -23. Suppose g - 5*g + 72 = 3*p, j = 2*g - p - 26. What is the hundreds digit of 10/50 + 2682/g?
1
What is the tens digit of ((-10)/(-4))/((-135)/(-97308))?
0
Let o(g) = 22*g - 20. Let l be o(1). What is the units digit of -2 - l/2 - (46 - 324)?
5
Suppose 0 = -13*a + 24234 + 11802. What is the units digit of a?
2
Let u(m) = -m**3 + m**2 + 2*m + 3. Let w be u(0). Let v be (-31)/w + (50/(-15))/5. Let p = v + 33. What is the tens digit of p?
2
Let g(i) = -3*i**3 - 11*i**2 - 14*i - 2. Suppose 3*l = 2*h, -50 = -0*h + 5*h + 5*l. What is the units digit of g(h)?
4
Let a be (-40)/6*(-12)/(-10). Let o = -4 - a. Suppose 2*z + 980 = 4*h, 0 = -6*h + o*h - z + 486. What is the hundreds digit of h?
2
Suppose -2*o - 4*m + 35910 = 0, -600 = 2*o - 4*m - 36478. What is the ten thousands digit of o?
1
Let d = -55 - -51. Let o be ((-48)/(-10))/(d*(-3)/210). Suppose -2*y + 2*q = -2*q - o, -5*q + 104 = 3*y. What is the units digit of y?
8
Suppose 0 = -4*h + 5*b + 17208, -6*b + 4305 = h - 8*b. What is the thousands digit of h?
4
What is the tens digit of 7658 + (-28 - (-126)/9)?
4
Let r(i) = i**2 - 7*i - 27. Let g(h) = -h**3 + 5*h**2 - 2*h - 2. Let k be g(3). Let u be r(k). What is the hundreds digit of (6 - 1236/(-8)) + u/(-2)?
1
Suppose 0 = -3*q + 13 + 26. Let m = -11 + q. Suppose 0 = -m*v - 32 + 212. What is the units digit of v?
0
Let r be 14/4*8